5 = -0*w, 0 = -4*v - 3*w + 53. Let m = v - i. What is the units digit of m?
5
Let n = -177 + 304. Suppose n = a - 160. What is the tens digit of a?
8
Suppose 0 - 10 = -2*z. Suppose z*q = -18 + 188. What is the tens digit of q?
3
Let v(x) = 25*x**3 + 2*x**2 + x + 3. What is the units digit of v(2)?
3
Let c = 167 + -112. Suppose 231 = 41*u - 48*u. What is the tens digit of (-1359)/u + (-10)/c?
4
Let w be -75*1*(-4)/10. Suppose -3*z + w + 9 = 3*x, 5*x = 5. What is the tens digit of z?
1
What is the hundreds digit of 30/(-75) - 1357/(-5)?
2
Let s = 13 + -13. Suppose 2*l - 3*b + s + 13 = 0, 5*l + b + 7 = 0. Let a(i) = -3*i**3 + i**2 + 2*i - 1. What is the units digit of a(l)?
3
Let z = 3158 - 2203. What is the hundreds digit of z?
9
Let j = 25 + -29. Let r be (j/(-6))/(4/18). Suppose -2*i - r*i = -m - 126, -5*i = -4*m - 129. What is the tens digit of i?
2
What is the thousands digit of 1317 + 3 - (-7)/(21/(-15))?
1
Let a(c) = c**3 + 5*c**2 - c - 2. Let s be a(-4). What is the units digit of 1 + 41 - (s - 16)?
0
Suppose 11*j = 716 + 131. What is the tens digit of (j/(-2))/((-3)/(-2) + -2)?
7
Let k(j) = 1 - 9*j + 34*j + 6 - 2. What is the units digit of k(2)?
5
Let a be (6/18 + 10/(-12))*-6. Suppose c = -4*u + 111, -a*c - 32 = 2*u - 345. What is the units digit of c?
3
Suppose 3*u + 2*t - 1544 = 4428, -9990 = -5*u + 4*t. What is the tens digit of u?
9
Let x(s) = s**3 - 3*s**2 - 5*s - 5. Let p be x(5). Let f = p - 11. Suppose 5*j = 2*i + 82, 3*i = -j + 21 + f. What is the tens digit of j?
1
Suppose -3*m = -4 - 8. What is the units digit of (m + 5/(-2))*24?
6
Let t(l) = 7 - 6 + 4 + 2*l + 15. Let f be t(-10). Suppose -5*g + 58 + 27 = f. What is the units digit of g?
7
Let u = -160 - -277. What is the hundreds digit of u?
1
Let j be -3 + 6 + (0 - 8). Let c be ((-1 - 1) + 1)*j. Suppose 3*a + 34 = 4*o - 6, c*o - 50 = 4*a. What is the units digit of o?
0
Let q(g) = g**2 - 14*g + 16. Let m be q(13). Suppose 3 = -m*h + 4*h. Suppose -4*w + 154 = h*w. What is the units digit of w?
2
Let h(b) = -87*b + 171. What is the tens digit of h(1)?
8
Let n(m) = -8*m - 7. Let p be n(-4). Suppose 0*w = -3*w - j + 20, -p = -4*w - j. What is the units digit of w?
5
Let r = 504 + -293. What is the units digit of r?
1
Suppose -5*g - 18*k = -17*k - 20153, -6 = -2*k. What is the tens digit of g?
3
Let t(o) = 8*o**2 + 3. What is the tens digit of t(5)?
0
Let g be (2/(-6))/((-1034)/(-207) - 5). What is the tens digit of g*(-1)/(-2)*(2 - 0)?
6
Let n = -1198 - -1757. What is the units digit of n?
9
Suppose 5*h - 2709 = 2*w + 2*w, 2169 = 4*h - 5*w. What is the units digit of h?
1
Let z = 3146 - -223. What is the thousands digit of z?
3
Let h(n) = 14*n + 1 - 46*n + 13*n + 20*n + 7*n**2. What is the tens digit of h(-2)?
2
Let z(t) = t**3 + 4*t**2 + 4*t + 10. Let x be z(-4). What is the tens digit of ((-24)/36)/(2/x) - -79?
8
Let s be (-4)/(-12)*-6*2. Let g(l) = 0 - 2*l + l**2 - 2*l + 5*l + 6. What is the tens digit of g(s)?
1
Let p(j) = 3*j**2 + 6*j - 2. Let w = 26 - 22. What is the units digit of p(w)?
0
What is the hundreds digit of ((-72)/20)/(-4*9/4200)?
4
Let z(c) be the first derivative of 26*c**3/3 + 3*c - 17. What is the tens digit of z(3)?
3
Let h(s) = -3*s**2 - s - 2. Let i(n) = 4*n**2 + 2*n + 1. Let o(p) = -3*h(p) - 2*i(p). Let a be o(0). Suppose a*t - 102 = 138. What is the units digit of t?
0
Let y(d) = -26*d - 11. Let n be y(-3). Suppose m - n = a, -m - 14 = 5*a - 69. What is the units digit of m?
5
Let a(m) = -2*m - 18. Let q(v) = -v**3 - 11*v**2 - v - 11. Let j be q(-11). Let l be a(j). Let r = l - -61. What is the tens digit of r?
4
Let p(h) = 2*h - 24. Let n be p(12). Suppose -b - 5*f + 181 - 49 = n, 2*b - 264 = 3*f. What is the tens digit of b?
3
Let i = 806 - 281. What is the hundreds digit of i?
5
Suppose -p - 2 = -4*w - 22, 4*p + 4*w = 180. Let a = 112 - p. What is the units digit of a?
2
Let i(f) = -f**3 - 46*f**2 + f + 150. What is the hundreds digit of i(-46)?
1
Let m = 3795 - 2618. What is the tens digit of m?
7
Suppose q - 5*n = -6*n + 1149, 4*q = 3*n + 4596. What is the thousands digit of q?
1
Let c(i) = -108*i + 23. What is the units digit of c(-9)?
5
Let v(x) = -x**3 - 6*x**2 + x + 14. Suppose 0 = 5*i + 4*c + 22, 5*i + 10 = 4*i + 2*c. What is the units digit of v(i)?
8
Let j = -397 + 495. What is the tens digit of j?
9
Let n be (3 + (-10)/3)*-21. Suppose 0 = -2*y + 3*d + 90, -n*d + 5*d = -2*y + 90. Suppose -3*c - 5*j = -y, j + 2*j + 29 = c. What is the units digit of c?
0
Suppose k + 0*k = 5. Suppose 140 = k*a - 10. What is the tens digit of a?
3
Let k(l) = -2*l**2 - 37*l + 17. What is the units digit of k(-9)?
8
Let v = -1056 + 1692. What is the units digit of v?
6
Suppose 5*g - 6594 + 124 = 5*r, 5*g + 3*r = 6446. What is the tens digit of g?
9
Suppose -2*m + 4 + 5 = -3*i, -4*m + 15 = -5*i. What is the tens digit of (22 - m) + (0 - 0)?
2
Suppose 0 = 5*m + 2337 - 717. Let c be (8/6)/(8/m). Let l = c + 79. What is the units digit of l?
5
Suppose -7 = 4*w - 15. Let u be 1 - w - 12/(-2). What is the tens digit of (8 + -1)/(1/u)?
3
Let s be 88/(-10)*(-5 + 0). Suppose x + 0*x - s = 0. What is the tens digit of x?
4
Suppose -2*k + 7*k = 2*l - 227, 4*l + 131 = -3*k. What is the units digit of (-10)/k - 172/(-18)*14?
4
Let l = 8 - 11. Let u be l*-3*(-12)/27. Let r = u + 10. What is the units digit of r?
6
Let o = -7101 + 12632. What is the thousands digit of o?
5
Let k(d) be the second derivative of d**4/12 + d**3/3 + 2*d**2 - 3*d. Let w(j) be the first derivative of k(j). What is the tens digit of w(7)?
1
Suppose 113 + 119 = 3*j - h, -2*h = 4*j - 296. Let z = -26 + 73. Let x = j - z. What is the units digit of x?
9
Let b(z) = 19*z + 28. What is the units digit of b(6)?
2
Let s = 236 - 117. Suppose s = c - 53. What is the tens digit of c?
7
Let c = 5677 + -2255. What is the hundreds digit of c?
4
Let m(j) = -18*j - 7. Suppose -2*c - 52 = 4*p, p + 4*c = 8*c - 4. What is the units digit of m(p)?
9
Let i(n) = n**3 + 10*n**2 + 15*n + 11. What is the tens digit of i(-5)?
6
Suppose 13*h = 19*h - 2172. What is the tens digit of h?
6
Let n = 506 + -228. What is the tens digit of n?
7
Let s(z) = -z**3 - 7*z**2 + 18*z - 51. What is the tens digit of s(-10)?
6
Let d be (((-20)/(-8))/5)/((-1)/(-6)). Suppose -14*s + 454 = -12*s + d*r, 0 = -2*s + 2*r + 454. What is the hundreds digit of s?
2
Suppose 3*o - 3*j - 42 = 0, -o - 2*o + j = -36. Suppose 4*v + 371 = o*v. What is the units digit of v?
3
Let p(z) = -11*z + 31. Let w be p(-9). Suppose o - w = 3*m, 0 = 2*o - 3*m - 449 + 183. What is the units digit of o?
6
Let z = -353 + 720. What is the hundreds digit of z?
3
Suppose 2*r + r = 111. Let p = r + 14. What is the tens digit of p?
5
What is the units digit of (-4)/6*(-4203)/6?
7
What is the tens digit of (-5690)/(-90) - 2/9?
6
Suppose -s + 0*y = 3*y - 68, -y = 4. Suppose 3*d + z = s, -9 + 3 = -3*z. Let l = d + -18. What is the units digit of l?
8
Suppose 6*o - 1033 = -301. What is the units digit of o?
2
Let w(m) = 3*m**3 - m**2 - 2*m - 1. Let b be w(-1). Let x be 2*(143/(-26) + (3 - -1)). What is the units digit of 66 - ((x - -2) + b)?
0
Let q(k) = 3*k + 15*k**2 + 12 - 13*k - 16*k**2. What is the units digit of q(-8)?
8
Suppose 2*v = -9 + 1. Let y be (-66)/(-14) - v/14. Let f = 31 + y. What is the units digit of f?
6
Let r(d) = d - 2. Let v be r(-10). What is the units digit of (-20)/v*39*1?
5
Suppose 2*u - 2*p + 47 = -7*p, 0 = -4*p - 20. Let m = u + 16. What is the tens digit of 9/(-15)*m*-11?
3
Let j = -6 + 10. Let u(b) = 3*b**2 + 23*b + 126. Let t be u(-6). Suppose j*w - t = w. What is the tens digit of w?
3
What is the tens digit of (-5518)/(-4) + -12 + 1/2?
6
What is the tens digit of (-2692)/(-16) + 2/(-8)?
6
Let q(d) = d**2 - 8*d + 15. Let s be q(6). Suppose 4*f = -2*b - 48, 2*b - 45 = s*f - b. Let r = f + 79. What is the units digit of r?
6
Suppose -8958 = -4*f - 0*f - 5*y, 3*f - 6720 = -3*y. What is the hundreds digit of f?
2
Let t(f) = 2*f**2 + f - 44. Let g(w) = -3*w**2 + 41*w - 17. Let x be g(13). What is the hundreds digit of t(x)?
1
Suppose 21*a = 62*a - 36941. What is the tens digit of a?
0
Suppose -5*x + 15 = -0*x. Let o(f) = -f**3 + 3*f**2 - 5*f + 3. Let p be o(x). What is the tens digit of 232/20 + p/20?
1
Suppose -5*u + 5*m = -260, 2*u - 5*m - 146 = -u.